{"id":1042,"date":"2020-12-10T21:34:51","date_gmt":"2020-12-10T21:34:51","guid":{"rendered":"https:\/\/www.omnis.net\/store\/product\/hour-ticket\/"},"modified":"2025-06-10T12:02:32","modified_gmt":"2025-06-10T12:02:32","slug":"hour-ticket","status":"publish","type":"product","link":"https:\/\/www.omnis.net\/store\/product\/hour-ticket\/?lang=de","title":{"rendered":"Stunden-Ticket"},"content":{"rendered":"<ul>\n<li>Ticket f\u00fcr 60 Minuten pers\u00f6nlichen technischen Support durch einen Omnis-Supporttechniker<\/li>\n<\/ul>\n<p>Omnis Studio Support kann nur f\u00fcr Omnis Studio Entwicklerlizenzen geleistet werden, aber nicht f\u00fcr Omnis Studio-Applikationen.<\/p>\n","protected":false},"excerpt":{"rendered":"<p>Ticket f\u00fcr 60 Minuten pers\u00f6nlichen technischen Support durch einen Omnis-Supporttechniker Omnis Studio Support kann nur f\u00fcr Omnis Studio Entwicklerlizenzen geleistet werden, aber nicht f\u00fcr Omnis Studio-Applikationen.<\/p>\n","protected":false},"featured_media":1044,"template":"","meta":[],"product_brand":[],"product_cat":[55],"product_tag":[],"class_list":{"0":"post-1042","1":"product","2":"type-product","3":"status-publish","4":"has-post-thumbnail","6":"product_cat-support-de","8":"first","9":"instock","10":"virtual","11":"taxable","12":"purchasable","13":"product-type-simple"},"_links":{"self":[{"href":"https:\/\/www.omnis.net\/store\/wp-json\/wp\/v2\/product\/1042","targetHints":{"allow":["GET"]}}],"collection":[{"href":"https:\/\/www.omnis.net\/store\/wp-json\/wp\/v2\/product"}],"about":[{"href":"https:\/\/www.omnis.net\/store\/wp-json\/wp\/v2\/types\/product"}],"version-history":[{"count":0,"href":"https:\/\/www.omnis.net\/store\/wp-json\/wp\/v2\/product\/1042\/revisions"}],"wp:featuredmedia":[{"embeddable":true,"href":"https:\/\/www.omnis.net\/store\/wp-json\/wp\/v2\/media\/1044"}],"wp:attachment":[{"href":"https:\/\/www.omnis.net\/store\/wp-json\/wp\/v2\/media?parent=1042"}],"wp:term":[{"taxonomy":"product_brand","embeddable":true,"href":"https:\/\/www.omnis.net\/store\/wp-json\/wp\/v2\/product_brand?post=1042"},{"taxonomy":"product_cat","embeddable":true,"href":"https:\/\/www.omnis.net\/store\/wp-json\/wp\/v2\/product_cat?post=1042"},{"taxonomy":"product_tag","embeddable":true,"href":"https:\/\/www.omnis.net\/store\/wp-json\/wp\/v2\/product_tag?post=1042"}],"curies":[{"name":"wp","href":"https:\/\/api.w.org\/{rel}","templated":true}]}}